 625. Calculate h(245).
4790
Let t(c) = 5771*c + 213518. Give t(-37).
-9
Let w(p) = 3*p**2 - 266*p + 185. Give w(86).
-503
Let k(r) = r**3 + 13*r**2 + 3*r + 177. What is k(-13)?
138
Let g(t) = -3*t**3 - 369*t**2 + 1627*t - 402. What is g(4)?
10
Let l(f) = -20268*f - 19356. Determine l(-1).
912
Let s(y) = -3*y**3 - 56*y**2 + 106*y - 2503. Determine s(-22).
5
Let i(x) = -14*x**2 + 5116*x + 10238. Give i(-2).
-50
Let x(o) = 1153*o + 6982. Give x(-6).
64
Let v(z) = -12403*z + 12451. Give v(1).
48
Let f(x) = 99632*x + 298906. Determine f(-3).
10
Let d(a) = a**3 - 29*a**2 - 216*a + 844. Calculate d(34).
-720
Let h(y) = 39*y + 396. Give h(-12).
-72
Let x(i) = -29989*i + 179464. Determine x(6).
-470
Let a(q) = 1452*q**2 + 10151*q + 5. Give a(-7).
96
Let f(q) = -261*q - 21759. Determine f(-83).
-96
Let z(v) = 76*v**3 - 255*v**2 + 240*v + 14. Determine z(1).
75
Let d(s) = -1611*s - 125659. Determine d(-78).
-1
Let a(v) = -2*v**2 - 11933*v - 308896. What is a(-26)?
10
Let b(o) = 597*o**3 + 8*o**2 + 196*o + 195. Calculate b(-1).
-590
Let u(w) = -w**2 + 515*w + 7. Determine u(0).
7
Let r(w) = -11*w**2 - 1928*w + 3852. Calculate r(2).
-48
Let u(k) = -k**3 - 197*k**2 - 245*k - 9677. Give u(-196).
-73
Let a(r) = r**3 - 3289*r**2 - 6*r + 7. Give a(0).
7
Let l(v) = -723*v - 7451. What is l(-11)?
502
Let u(q) = 2*q**3 - 178*q**2 - 38*q + 3481. Calculate u(89).
99
Let w(z) = -z**3 - 5338*z**2 - 27*z + 29. Calculate w(0).
29
Let x(s) = s**2 - 53536*s + 267677. What is x(5)?
22
Let p(j) = -212109*j - 636337. Calculate p(-3).
-10
Let c(h) = h**2 + 4439*h + 564229. Determine c(-131).
-119
Let s(h) = 11*h**2 - 42*h - 494. Give s(9).
19
Let a(d) = 131*d**2 + 33*d + 513. Calculate a(-5).
3623
Let h(b) = 2*b**3 + 2*b**2 + 157*b + 1033. What is h(-6)?
-269
Let w(p) = -868*p**3 - 3*p**2 + 26*p + 28. What is w(-1)?
867
Let c(p) = -196518*p - 393059. Determine c(-2).
-23
Let i(m) = 62923*m - 2579854. Determine i(41).
-11
Let z(u) = 2*u**3 - 112*u**2 + 346*u - 12977. Calculate z(55).
3
Let f(y) = -y**3 + 16*y**2 - 75*y + 122. Determine f(23).
-5306
Let b(s) = s**2 + 70*s - 1191. Calculate b(14).
-15
Let r(a) = -35405*a - 106184. What is r(-3)?
31
Let p(r) = -9*r**2 + 174*r - 104. Determine p(23).
-863
Let c(w) = w**3 + 19*w**2 - 40*w - 1436. Give c(-15).
64
Let x(l) = -331422*l + 2319948. Calculate x(7).
-6
Let z(n) = -2*n**2 + 69*n + 90. What is z(22)?
640
Let b(n) = -562*n - 117627. Determine b(-209).
-169
Let c(s) = -134*s**2 + 62*s + 23449. Give c(-13).
-3
Let p(m) = 141*m - 20643. Calculate p(146).
-57
Let l(y) = -y**3 + 92*y**2 - 1862*y - 2805. Determine l(33).
0
Let q(j) = -380042*j - 1520158. Determine q(-4).
10
Let h(z) = z**3 + 14*z**2 - 4310*z + 122. Give h(59).
-55
Let w(x) = 70*x - 6662. Give w(104).
618
Let d(a) = 351*a - 5261. Determine d(16).
355
Let j(a) = 2*a**3 + 117*a**2 + 1014*a + 314. Calculate j(-48).
26
Let f(k) = 8420*k + 59102. Determine f(-7).
162
Let q(a) = a**2 - 16966*a - 833703. Calculate q(-49).
32
Let s(y) = -2*y**2 + 36505*y + 8352293. Determine s(-226).
11
Let x(d) = 10*d**2 + 536*d + 317. Give x(-54).
533
Let j(r) = 330*r - 23225. What is j(70)?
-125
Let r(k) = 63495*k + 254011. Determine r(-4).
31
Let y(l) = 36345*l - 327116. Give y(9).
-11
Let r(h) = 185*h + 22041. Calculate r(-119).
26
Let k(o) = -124023*o - 992219. What is k(-8)?
-35
Let i(x) = -160*x**2 + 15368*x - 117. Determine i(96).
651
Let c(t) = -2*t**2 + 6329*t + 121051. Give c(-19).
78
Let q(s) = -22*s**3 + 287*s**2 - 308*s + 3789. Give q(13).
-46
Let b(o) = 3*o**3 + 110*o**2 + 115*o - 1992. Calculate b(-35).
108
Let h(u) = -u**3 - 172*u**2 - 25*u - 4205. Give h(-172).
95
Let d(z) = -4*z**3 - 141*z**2 - 401*z - 12803. Give d(-35).
7
Let i(a) = 345*a**2 - 1010*a - 82. What is i(3)?
-7
Let o(x) = 29*x**3 + 1710*x**2 - 1057*x - 58890. Calculate o(-59).
-8
Let b(f) = -f**2 - 32*f + 3150. What is b(-73)?
157
Let j(t) = 20*t**3 + 4*t**2 + 65*t - 158. Calculate j(2).
148
Let f(g) = -2*g**3 + 46*g**2 + 84*g - 731. What is f(24)?
133
Let t(w) = 19*w**3 + 4066*w**2 - 3*w - 990. Determine t(-214).
-348
Let u(b) = 26931*b - 134586. What is u(5)?
69
Let d(a) = -6252*a + 1175381. Determine d(188).
5
Let b(v) = -66*v**2 - 1865*v - 6729. Calculate b(-24).
15
Let f(n) = -9346*n - 177039. Determine f(-19).
535
Let y(c) = -c**2 - 49*c + 3590. Calculate y(-96).
-922
Let z(w) = -w**2 + 142*w + 8408. Calculate z(-45).
-7
Let z(r) = 21715*r - 130144. Give z(6).
146
Let s(r) = 1399*r + 198648. Give s(-142).
-10
Let p(h) = h**2 - 111*h - 4065. What is p(-24)?
-825
Let f(t) = -t**2 - 30*t + 1660. Determine f(-57).
121
Let u(s) = 3256*s + 234448. Calculate u(-72).
16
Let j(q) = 2*q**3 - 480*q**2 - 3245*q + 434241. Calculate j(243).
0
Let b(c) = -13*c**2 + 395*c + 4043. Determine b(-8).
51
Let b(v) = 4*v**2 - 1830*v - 7372. Determine b(-4).
12
Let o(d) = -2*d**2 - 206*d + 1946. Determine o(-106).
1310
Let w(a) = 18*a**2 - 463*a + 2766. Determine w(6).
636
Let j(u) = 2*u**3 + 65*u**2 + 437*u + 43. Determine j(-9).
-83
Let l(d) = -65*d + 12534. Determine l(192).
54
Let c(v) = -v**2 - 2561*v - 634934. Determine c(-278).
-260
Let b(c) = c**3 - 67*c**2 - 895*c + 59953. Determine b(67).
-12
Let y(b) = 22*b**2 - 15963*b + 15937. Give y(1).
-4
Let a(t) = 4*t**2 + 286*t - 18159. Calculate a(-112).
-15
Let q(o) = 2*o**2 - 9805*o + 58778. What is q(6)?
20
Let l(p) = 2*p**2 - 39*p - 1248. Determine l(0).
-1248
Let b(c) = 31515*c + 126049. Give b(-4).
-11
Let w(k) = -k**3 + 890*k**2 - 11407*k + 97. What is w(13)?
19
Let s(p) = 416*p + 468807. What is s(-1127)?
-25
Let d(p) = -36*p**2 + 2187*p - 43. What is d(61)?
-592
Let w(p) = -93130*p + 558746. What is w(6)?
-34
Let h(m) = -6*m**2 + 3354*m - 23432. Calculate h(7).
-248
Let z(o) = o**2 + 10377*o + 2314011. Determine z(-228).
39
Let p(g) = 70130*g + 1051952. Determine p(-15).
2
Let d(r) = -593*r - 3187. Determine d(-6).
371
Let i(d) = 65*d + 4951. Determine i(-84).
-509
Let i(c) = -c**3 - 240*c**2 + 3021*c + 51. Calculate i(12).
15
Let s(m) = -52515*m - 157539. What is s(-3)?
6
Let s(f) = -476*f - 6447. Give s(-13).
-259
Let x(i) = -444*i - 19646. What is x(-44)?
-110
Let d(j) = -j**2 - 110*j - 3265. Calculate d(-63).
-304
Let y(j) = 4*j**2 + 4873*j - 24348. What is y(5)?
117
Let y(k) = -2*k**3 + 8*k**2 + 8661*k + 17305. What is y(-2)?
31
Let n(p) = 2*p**3 + 146*p**2 + 484*p + 4520. What is n(-70)?
40
Let k(w) = w**3 - 42*w**2 - 100*w + 620. What is k(44)?
92
Let j(a) = -123772*a + 371036. Calculate j(3).
-280
Let z(m) = -15*m**2 - 647*m + 5903. Calculate z(8).
-233
Let t(u) = -12*u**3 + 771*u**2 - 221*u - 56. What is t(64)?
-1912
Let u(x) = -x**3 - 17*x**2 - 18*x + 74. Give u(-13).
-368
Let y(i) = 2*i**3 - 79*i**2 + 7*i + 19. Determine y(39).
-1229
Let g(l) = -5*l**3 + 102*l**2 + 239*l - 3703. Calculate g(21).
-7
Let y(r) = -379*r - 20191. What is y(-55)?
654
Let j(r) = -r**3 - 84*r**2 - 1205*r - 449. Give j(-66).
673
Let u(n) = 875*n + 5044. What is u(-4)?
1544
Let t(u) = 15*u**2 + 6591*u - 32802. Calculate t(5).
528
Let h(p) = p**2 - 9001*p - 45035. Give h(-5).
-5
Let w(o) = 2097100*o + 117437603. Give w(-56).
3
Let p(g) = 1318114*g + 3954355. Give p(-3).
13
Let f(r) = -1002*r - 4431. What is f(-4)?
-423
Let b(f) = -f**3 + 84*f**2 + 106*f + 13516. Calculate b(87).
31
Let t(k) = 20*k**3 + 1320*k**2 - 55*k - 3623. What is t(-66)?
7
Let g(x) = -165*x**2 + 6584*x + 689. Give g(40).
49
Let d(f) = 509*f**2 + 95685*f - 1326. Give d(-188).
-10
Let w(g) = 1386*g - 221796. What is w(160)?
-36
Let a(n) = 3324*n - 146231. Calculate a(44).
25
Let l(y) = -43*y**3 - 6537*y**2 - 155*y - 386. Determine l(-152).
70
Let f(l) = 2*l**2 - 704*l + 58247. Calculate f(218).
-177
Let i(p) = 195*p + 12521. Give i(-64).
41
Let s(u) = -4*u**3 - 14*u**2 + 21*u + 231. Give s(-5).
276
Let b(u) = 3419*u - 687239. Calculate b(201).
-20
Let y(o) = -11834*o + 579908. Determine y(49).
42
Let q(i) = -4*i**3 + i**2 + 29*i + 1. Give q(-3).
31
Let h(n) = -n**3 - 223*n**2 + 945*n - 44446. Determine h(-228).
14
Let d(h) = 1749*h + 56032. What is d(-32)?
64
Let t(v) = 57*v**2 + 641*v + 1704. Determine t(-7).
10
Let d(s) = 8*s**2 - 452*s + 6364. Give d(29).
-16
Let i(y) = 62*y - 6432. Calculate i(104).
16
Let i(h) = -4495*h - 2331. Determine i(0).
-2331
Let o(j) = j**3 - 16*j**2 - 240*j + 2413. Give o(1